hird derivative of -k**4/12 + k**3/6 + 4*k**2. Let m be b(-5). Suppose 4*o + m = 51. What is the tens digit of o?
1
Suppose -7 - 17 = -4*t. Suppose y - 10 = -t. Suppose 3*f + 5*z = 4*z + 11, 4*f + 4*z = y. What is the units digit of f?
5
Let n = -12 + -3. Let v = 12 + -7. Let b = v - n. What is the units digit of b?
0
Suppose -1674 = -y - 2*b, -y + 5*b + 1848 = 167. What is the hundreds digit of y?
6
Let v = 107 - 62. Let y = v + -71. Let b = y - -48. What is the units digit of b?
2
Suppose -6 + 56 = 10*n. Suppose n*l + x - 5*x - 972 = 0, -771 = -4*l + x. What is the tens digit of l?
9
Suppose 3*s + 118 = 5*s. Let q be (-2 - -14) + 27/(-3). Suppose n = 3*n + m - s, -2*n + q*m = -55. What is the tens digit of n?
2
What is the units digit of (3520/(-35) - 2)/(7/(-49))?
8
Suppose 720 = v + 3*v. Let p be v/(-50) + (-6)/(-10). What is the units digit of p - (-2)/1*5?
7
Suppose w - 32 = 48. Let m be (3/4)/(12/w). Suppose v - m*l = 24, 4*v + 0*v - 156 = 5*l. What is the tens digit of v?
4
Let l = -313 + 439. What is the tens digit of l?
2
Let q(m) = 1087*m**2 + 6*m - 1. What is the units digit of q(1)?
2
Let d = -221 - -2898. What is the hundreds digit of d?
6
Let g(p) = -2*p**3 - 4*p**2 - p - 7. Let a = -38 - -35. What is the units digit of g(a)?
4
Let v = 18 + 0. Let w = v - 21. What is the units digit of ((-9)/6 - w)*22?
3
Let d(f) = 4*f**2 - 39*f - 13. Let l be d(10). What is the units digit of ((-21)/l)/((-5)/(-130))?
2
Let f = 3790 + -1869. What is the thousands digit of f?
1
Suppose h + 5*d - 2*d + 14 = 0, -5*h - 48 = 4*d. What is the tens digit of (-1255)/(-20) + 2 + (-2)/h?
6
Suppose 0 = 2*b, -4*k + 118 = -2*b - 146. Suppose -p + 285 = 3*z + z, -z - 2*p = -k. Let m = z + -37. What is the tens digit of m?
3
Suppose s = 8 - 5. Suppose 265 = s*o - 20. What is the tens digit of o?
9
Let f(u) be the first derivative of u**3/3 - 5*u**2/2 - 55*u - 37. What is the units digit of f(-7)?
9
Let r(a) = 4*a**2 + 3*a - 1. Let b be r(1). Suppose -b*k + 14*k = 136. What is the units digit of k?
7
Let c(k) = 24*k + 87. What is the hundreds digit of c(14)?
4
Let h(d) = d**3 - 8*d**2 - 10*d - 1. Let z be h(9). Suppose -5*u = 11 - 1. What is the tens digit of (-280)/z + u + 2?
2
Let d(y) be the first derivative of -y**5/60 + y**4/12 - 2*y**3 - 3. Let f(g) be the third derivative of d(g). What is the tens digit of f(-6)?
1
Let a = 56 + -56. Suppose 7*f + a*f - 1540 = 0. What is the units digit of f?
0
Let p = 29 + -26. Let h be (p + -2 - 4) + 148. What is the units digit of (h/(-10))/((-1)/2)?
9
What is the units digit of 10*(-3)/6 + 9 - -537?
1
Suppose -4*f - 40 = -8*f. Suppose -m + 4*x + f = 0, -4*x = 4*m + x + 2. Suppose -a - m*a + 3 = 0. What is the units digit of a?
1
Suppose 20*s = 4932 + 5128. What is the tens digit of s?
0
Suppose -7*o + 3*o - 480 = 0. What is the units digit of (o - 4)/(-2) + -4?
8
Suppose 3*m + 6 = -0, 0 = j - 5*m - 10. Let x be (6/4 + -2)*j. Suppose x*z + z = 23. What is the units digit of z?
3
What is the units digit of 1 + ((-40)/14)/((-8)/56)?
1
Suppose 0 = -j + o + 6, -j - 2*o - 1 + 4 = 0. Suppose j - 29 = 4*p. What is the units digit of (-69)/p - (-2)/(-4)?
1
Suppose 21*c + 2867 - 17483 = 0. What is the tens digit of c?
9
Let g = -236 - -102. Let t = 210 + g. What is the units digit of t?
6
Let k(z) = -z**3 + 9*z**2 + 6*z - 11. Let b be k(9). Suppose 38 = f - b. What is the tens digit of f?
8
Suppose -9 = 5*f - 34. Suppose 3*t = f*n - 100, 3*t = -0*n - n + 38. What is the tens digit of n?
2
Let t(v) = 50*v - 80 + 13 - 39*v. What is the tens digit of t(15)?
9
Suppose -2782 = -4*i - 2*p, i + 2*p - 1394 = -i. What is the tens digit of i?
9
Suppose 39 = -3*i + 4*c, -i - c = 2*c + 13. Suppose 0 = 3*o + 9, 2*h - o = -6*o - 31. Let a = h - i. What is the units digit of a?
5
Let y(d) = -2*d - 16. Let f = -19 + 10. Let n be y(f). What is the units digit of (3/n)/((-17)/(-34))?
3
Let w(s) = s**2 + 5 + 0*s**2 + 0*s**2 + 4*s. Let f(v) = -v**3 + 3*v**2 + 16*v - 37. Let q be f(5). What is the units digit of w(q)?
6
Suppose 4*b = -4*u + 8828, 2 + 3 = u. What is the units digit of b?
2
Suppose 0 = 2*f + 5*a - 305, -2*f - 72 + 371 = 3*a. What is the units digit of f?
5
Let g be 8 + (1 - 1)/(-1) + -3. What is the tens digit of (-430)/(-8)*(3 - g)*-2?
1
Let u = 3258 + -1940. What is the tens digit of u?
1
What is the tens digit of 6923/69 - 4/3?
9
Let l(c) = -c + 14. Let o be l(8). Suppose 0 = -2*v + o*v - 3*i - 49, -2*i = 2*v - 42. What is the units digit of v?
6
Suppose -s + 16 = 3*r + s, -4 = s. Suppose 6*z = r*z - 124. What is the tens digit of z?
6
Let j(i) = i**3 + 13*i**2 - 3*i + 8. Let v(d) = -2*d**3 - 25*d**2 + 7*d - 15. Let q(s) = 11*j(s) + 6*v(s). What is the hundreds digit of q(-10)?
2
Suppose -80 = -57*f + 53*f. Let b(q) = 4*q - 23. What is the tens digit of b(f)?
5
Suppose -4*i - 7 - 4 = r, -5*r = -4*i - 41. What is the units digit of 8/(-20) + 172/r?
4
Let n(k) = -7*k + 3*k + k - 8*k. Let m be n(3). Let j = 60 + m. What is the tens digit of j?
2
Suppose 0 = 4*q - 387 - 429. What is the tens digit of q?
0
Let j(o) = 10*o**2 - o - 2. Let h be j(-1). Suppose -h = 5*s - 24. Suppose s*a - 104 = -2*y - 0*y, 0 = 4*a - 4*y - 152. What is the tens digit of a?
3
Let s(c) = -2*c + 1. Let k be s(2). Let t = k - -6. Suppose -6*f + 78 = -t*f. What is the units digit of f?
6
Let x = 32 + -12. Suppose -x + 50 = 3*b. What is the units digit of b?
0
Suppose d + 207 - 385 = 0. What is the tens digit of d?
7
Suppose 12*u - 1515 = 7*u. Let b = u - 204. Suppose f - 4*f + b = 0. What is the units digit of f?
3
Let f be 3084/18*(-108)/(-8). Suppose f = 8*r + 865. What is the tens digit of r?
8
Suppose 0 = -2*k - 4*z - 8, -k + z - 7 = 4*z. Suppose -k*g - 35 = -4*u - g, -41 = -4*u + 3*g. Suppose -u = -h + 9. What is the units digit of h?
7
Suppose 2*k = b - 176, 2*b + 2*k - 227 = 125. Suppose 5*n + 2*s - 306 = 0, b = 3*n + 6*s - s. Let l = n - 40. What is the tens digit of l?
2
Let y = -9 - -1. Let k be (-54)/(-15) + y/(-20). What is the units digit of k/(-3)*(-12)/1?
6
Let x = 533 - 31. What is the hundreds digit of x?
5
Let j(x) = -x**2 - 9*x + 9. Let g be 2 - (-54)/((-2)/(-1)). Suppose -2*i + 3*w - g = 0, -2*i = -w + 25 - 6. What is the units digit of j(i)?
3
Suppose 2*k - 4*k + 8 = 0. Let t = -2 + k. Suppose -2*d = 4*l - 7*l + 14, 10 = 2*l - t*d. What is the units digit of l?
4
Suppose 65 = 12*f + f. Suppose -f*b - 2*v - 3 = -10, 0 = -4*b + 5*v + 32. What is the units digit of b?
3
Suppose 4*y = -12, -2*g = 3*g - 2*y - 16. What is the units digit of g?
2
Suppose -3*l - g = -508, 3*l = -l + 3*g + 660. Suppose -l = -j - 3*j. What is the tens digit of j?
4
Let p = 29 - 27. Let n be p - (4/(-1) - -4). Suppose 0 = -n*c + 50 + 48. What is the units digit of c?
9
What is the tens digit of (132/(-77))/((-3)/1932)?
0
Let t(q) = -q**2 - 6. Let l = 24 + -19. Let z be t(l). Let f = z - -73. What is the units digit of f?
2
Let y = -4 + 582. What is the hundreds digit of y?
5
Let d(r) = 2099*r - 18. What is the units digit of d(1)?
1
What is the tens digit of (-32466)/(-48) + 9/(-24)?
7
Suppose -5*d - f = -d - 37, 3*d + 4*f = 18. Let x be (-200)/(-30)*(-12)/d. Let v = 20 - x. What is the units digit of v?
8
What is the hundreds digit of (8/6)/(364/271089)?
9
Suppose -4*i - 5*v = 0, 0 = -0*i + 4*i + 3*v. Suppose 0 = -k - i + 4. Suppose 0 = k*s - 59 - 25. What is the tens digit of s?
2
Let a(j) = j**2 - 3*j - 3. Suppose -2*r - 3*r = -5. Let n be -3 - r*(-2)/2. What is the units digit of a(n)?
7
Let a(n) = n**3 - 5*n**2 + 9*n - 8. Let c be a(6). Let l = 48 - c. What is the tens digit of 2 - l*(-2)/(-4)?
1
Let h = 13 - 13. Suppose 20*q - 24*q + 8 = h. Suppose -q*f - 8*a + 4*a + 46 = 0, 145 = 5*f - 5*a. What is the units digit of f?
7
Let d(y) = -5*y + 1. Let p be d(-4). Let n = p - -10. Suppose n + 254 = 5*o. What is the tens digit of o?
5
Suppose -40*n = -32*n - 20552. What is the hundreds digit of n?
5
Suppose -5*a + 81 = 1. Let v be a/10 - (-2)/5. Suppose o - v - 9 = 0. What is the units digit of o?
1
Let g(p) = 42*p + 19. Let s be g(-6). Let y = s + 377. What is the tens digit of y?
4
Let p(z) = 8*z - 49 - z + 8*z - 5*z. What is the tens digit of p(17)?
2
Let m = 6 - 5. Let x(r) = 6*r**3 + r**2 - 3*r + 1. Let b be x(m). What is the tens digit of 2/(-5) + 312/b?
6
